- 3 = -2*g. Let t(u) = 2 - 3 - 2*u**g + 2*u**2 - u**2 + 12*u**3. Calculate t(1).
10
Let x(b) be the third derivative of -b**6/120 + b**5/60 + b**4/12 - b**3/3 + 2*b**2 + 1. What is x(2)?
-2
Suppose s - 3*k - 2*k = 7, -s - 3*k = -7. Let j(i) = -i**3 + 6*i**2 + 5*i + 6. Give j(s).
-8
Let u = -2 + 7. Suppose 3*b + 16 = -u*m, m - 4*b = 11 - 5. Let k(y) be the third derivative of -y**6/120 - y**5/60 + y**4/12 - y**3/6 + y**2. Calculate k(m).
-1
Let k(y) = -y - 12. Let w be k(-10). Let r(h) = 7*h**2 + 5*h - 9. Let q(a) = -4*a**2 - 3*a + 5. Let b(p) = 5*q(p) + 3*r(p). Give b(w).
2
Suppose -3 + 0 = -b. Let j(r) = 129*r**b + 7 - 6*r**2 - 3*r - 130*r**3 - r. Determine j(-5).
2
Let j(h) = 5*h**2 - 1. Let u(z) = -z**3 + 5*z**2 - z + 4. Let v be u(5). Give j(v).
4
Let u(p) = -7*p - 1. Let h(w) = 3*w**3 - w**2. Let d be h(1). Let j(f) = 3 - f + d + 0. Let k be j(6). Give u(k).
6
Let q(k) be the first derivative of -7/2*k**2 + k - 1. Let c(d) = -d. Let b(u) = 6*c(u) - q(u). Give b(-1).
-2
Let i(a) = 3*a + 5. Let t(n) = 2. Let u(j) = i(j) - 5*t(j). Let g = 2 + 2. Calculate u(g).
7
Let u(n) = n + 5. Let c be (0 - -2)*(-1 - -2). Let l(v) = v - 1. Let s(k) = 7*k - 5. Let q(i) = 4*l(i) - s(i). Let g be q(c). Calculate u(g).
0
Suppose -1 + 4 = -a. Let o(h) = 6*h. What is o(a)?
-18
Let p be (9/(-6))/((-2)/(-4)). Let l(u) = u**3 + 3*u**2 + u - 1. Let q be l(p). Let s(o) be the third derivative of -o**4/8 - o**3/2 - o**2. What is s(q)?
9
Suppose 0*h + 5*h = -15. Let r(z) be the third derivative of 0 - 2*z**2 - 5/24*z**4 - 1/2*z**3 + 1/60*z**5 + 1/120*z**6 + 0*z. What is r(h)?
-6
Let v(m) = -7*m**3 + m**2. Let t(s) be the third derivative of -s**6/120 + s**5/12 + s**4/4 + s**3/6 - s**2. Let q be t(6). What is v(q)?
-6
Let r(y) = -2*y + 2. Let n(d) = d**2 + 11*d + 14. Let v be n(-10). Calculate r(v).
-6
Let z(p) = -5*p - 2. Let g(k) = -k**2 + k + 3. Let l be g(-2). Calculate z(l).
13
Suppose k = -6 + 1. Let d(m) = -m**2 - 7*m - 2. Determine d(k).
8
Let p(d) be the second derivative of 0 - 1/2*d**4 - 4*d + 3/2*d**2 + 1/20*d**5 + 5/6*d**3. Give p(4).
-9
Let r(y) = -5*y**2 + 18*y**2 - 14*y**2 - y**3 - 11 - y. What is r(0)?
-11
Let x(m) be the second derivative of -m**5/10 - m**4/12 + 2*m**3/3 - 3*m**2/2 + 5*m. Determine x(2).
-15
Let u = -72 - -80. Let y(b) = b**3 - 8*b**2 + 4. Give y(u).
4
Let n(o) = o**3 - 17*o**2 + o - 13. Let a be n(17). Let s(j) = j**3 - 5*j**2 + 3*j - 2. Calculate s(a).
-6
Suppose -4*d - 3*a = 0, -4*a - 15 = 1. Suppose 5*n = d + 2. Let v be 3/(-9)*0 - n. Let f(l) = -3*l. Give f(v).
3
Let c(q) = q**2 + 6*q + 3. Let d be 588/3 - (-1 + 1). Let u be (-6)/4*d/(-21). Let v be (-37)/7 + 4/u. Determine c(v).
-2
Let q(i) = -2*i. Let o be 5/(-10) - (-3)/2. Let s be (1 + -3)*(o + -2). What is q(s)?
-4
Let f(t) = t**3 - 6*t**2. Let k be f(6). Let i(r) be the third derivative of -1/20*r**6 + 1/60*r**5 + 1/24*r**4 + 0 - 2*r**2 + 0*r + k*r**3. Determine i(-1).
6
Let q(h) = 0 + 4 + 0 - 7*h + 4*h. What is q(4)?
-8
Let z(j) = -3*j**2 + 10*j. Let l(g) = g**2 - g + 1. Let c(f) = 4*l(f) + z(f). Give c(-6).
4
Let j(i) = 3*i**2 + i + 4. Let f(z) = 2*z**2 + 2*z + 3. Let s(y) = 4*f(y) - 3*j(y). Let g be s(5). Let b(n) = -7 - n + g*n + 0. Calculate b(0).
-7
Let z be (1/2)/((-7)/84). Let d(o) = -4*o. Determine d(z).
24
Let q(g) = g**2 - 4*g - 6. Let u(d) = d**3 - d**2 + d. Let o = -5 + 7. Let h be u(o). Calculate q(h).
6
Let a(m) = -5*m + 5*m - 2*m**2. Let o be (-1 + -1 + 0)*(-1)/(-2). What is a(o)?
-2
Suppose -16 = -3*i + 5*d, 0 = i - 3*d - 1 - 3. Let s(h) = -h**3 + 8*h**2 - 9*h + 9. Give s(i).
-5
Suppose 4*d = -4, 2*t = -3*d + d + 2. Let y(o) = o**2 - 3 + 5*o**t - 4*o - o**2 - o**3. Let c be -8*((-20)/8 + 2). Calculate y(c).
-3
Let x(d) = -3*d + 7. Let n(r) = 10*r - 20. Let w(j) = 2*n(j) + 7*x(j). What is w(6)?
3
Let l(h) be the second derivative of h**4/3 + h**3/6 + h**2/2 + 45*h. Let o(d) = -d**3 - 3*d**2 + 1. Let n be o(-1). Give l(n).
4
Let n = -202 - -206. Let t(r) = -4*r**3 + 3*r + 2*r**2 + 1 + r**2 + 3*r**3. Determine t(n).
-3
Suppose 2*b + 0*b = 12. Let m(j) = b*j**2 - 4*j**2 + 0*j**3 - j**3. What is m(3)?
-9
Let i(c) = -4*c + 2. Suppose 4*v + v = -25, -4*v = -5*z + 35. Suppose z = 5*q - 7. Determine i(q).
-6
Let u(g) = 3*g + 3. Let s = -8 - -3. What is u(s)?
-12
Let y(q) = 2*q - 7. Let j(f) = f - 1. Let x(i) = 5*j(i) - y(i). Let p = 8 - 2. Suppose 5*s = -n - 11, -4*s - n - 3 = -p*n. Calculate x(s).
-4
Let g(a) = -a - 1. Suppose -5*u + u = 24. Suppose 0 = t + 10. Let z = u - t. Give g(z).
-5
Let n(x) be the second derivative of x**3/3 + 2*x**2 + 19*x. Calculate n(6).
16
Suppose -z = 5*c - 13, -4*z - 3*c + 3 = 2. Let j be (-4 - -1)*z/6. Let t = j + -4. Let f(p) = -p**2 - 3*p - 1. Give f(t).
-1
Let b(u) = u - 18. Let o be b(11). Let x(q) = q**3 + 8*q**2 + 7*q - 10. Calculate x(o).
-10
Let g(d) = -1 + d**3 - d + 2 + 4*d**2 - 2. Suppose 153*s - 154*s = 4. Determine g(s).
3
Suppose 0 = -o - 0 - 2. Let x(c) be the first derivative of -c**2 - 3*c - 7. What is x(o)?
1
Let j(i) be the first derivative of 5/3*i**3 - 5*i + 4*i**2 - 1/4*i**4 + 1. Calculate j(6).
7
Let i(n) be the second derivative of 2*n + 0 + 0*n**2 + 5/6*n**3 - 1/12*n**4. Let c(l) = l**3 + 8*l**2 - 9*l + 5. Let k be c(-9). Calculate i(k).
0
Let k(y) = -15 + y + 3 + 6 + 10*y**2 + 7. What is k(-1)?
10
Suppose -4*i = i + 3*t + 1, 5*i = -t + 3. Let o(s) = -s**3 + 2*s**3 + 0*s**3 + i. Let q(c) = -c**3 + c**2 - c. Let l be q(1). Determine o(l).
0
Suppose 0 = -2*v - 0 + 2. Let x(a) = a**2 - 1. Let s(d) = -d**3 - 2*d**2 + d - 1. Let j(i) = v*x(i) + s(i). Give j(-2).
0
Let z be (7 + 1)/(-4)*1/2. Let b(f) = f**2 - f - 1. Determine b(z).
1
Let d(b) be the first derivative of -b**5/20 + b**4/4 - 2*b**3/3 + b**2 - 2*b - 5. Let l(a) be the first derivative of d(a). Calculate l(2).
-2
Let k(r) = r**2 + 5*r - 3. Let f be (12 - 0)*(-2)/(-4). Let g = 1 - f. Calculate k(g).
-3
Suppose 0*t + 2*t - 8 = 0. Suppose -126 = -5*c + t*v, -74 = -0*c - 3*c + 4*v. Suppose 5*n + 5*b - c = 8*b, -n + 2*b + 8 = 0. Let g(y) = y**2 - 6*y. Give g(n).
-8
Suppose w = 5*w - 20. Let a = 4 - w. Let y(s) = 8*s**3 - 2*s + 3*s**2 - 1 - 3*s**2. Give y(a).
-7
Let p(q) = -4*q**2 - q. Suppose -5 = -2*w - 7. What is p(w)?
-3
Let g(m) be the first derivative of 1 + 5/2*m**2 + m - 1/3*m**3. Let p be -1 + (-12)/(-8) + 7/2. What is g(p)?
5
Let y(d) = -d**2 - 5*d + 4. Suppose 2*g - 2*w + 11 = -w, g + 3*w + 9 = 0. Give y(g).
-2
Let r(z) = -4*z**2 + z - 1. Suppose -5*d = 5*x + 4 + 1, 0 = -5*d - 3*x - 1. Let u be r(d). Let y(w) = 2*w + 6. What is y(u)?
-2
Let i(x) = 3*x - 250 - x**2 + 245 + 3*x. Calculate i(5).
0
Suppose -3 = -b + 2. Suppose 0 = -w + 4 - 0. Let y(s) = -s**3 + 5*s**2 + w*s + s - 4*s. Calculate y(b).
5
Let v(a) = -47 - 6*a**2 + 47. Give v(-1).
-6
Let p be (-5)/30*-6*(0 + 2). Let m(x) be the second derivative of x**3 - 3*x**2/2 + 2*x. Calculate m(p).
9
Let d be (5/4)/1*4. Let s(z) = 4*z**2 - z**3 + z - d*z**2 - 1 + 2*z. Give s(-3).
8
Let a(j) = 8*j + 2. Let i = -149 + 147. Determine a(i).
-14
Let a(f) = 5*f**2 - 5*f - 1. Let k = -12 + 8. Let o(r) = -r**2 + r - 1. Let v(y) = k*o(y) - a(y). Calculate v(0).
5
Let w(l) = 6*l**2 + l**2 + 1 - 2. Suppose -6*v + 0*v - 6 = 0. What is w(v)?
6
Let r(y) = y - 8. Suppose 0 = 4*g - 20, -5*s - 4*g = -0*g - 50. What is r(s)?
-2
Let h = 1 - 3. Let z be (-2)/(-1)*(3 - 2). Let w(m) = m**3 + 4*m**2 + 3*m**2 + 1 + m + 6*m**z - 10*m**2. Give w(h).
3
Let u(j) = 11*j - 6. Let a(p) = 16*p - 9. Let c(y) = 5*a(y) - 7*u(y). Let w be 9/3*(-2)/(-3). Determine c(w).
3
Let g(n) be the first derivative of n**3/3 + n + 10. Calculate g(-1).
2
Suppose -8 = 2*u + 2*u. Let h be 2/(-8) - 51/(-12). Let z(i) = 2*i**2 - 7. Let s(o) = -o**2 - o + 1. Let g(t) = h*s(t) + z(t). Determine g(u).
-3
Let m(o) = -o**3 + 2*o**2 - 5*o - 5. Suppose -q + 0*q - 10 = 0. Let v(h) = 4*h**3 - 6*h**2 + 16*h + 16. Let l(p) = q*m(p) - 3*v(p). What is l(-2)?
6
Suppose 0 = 5*s - 7*s - 12. Let z(v) = -v**3 - 5*v**2 + 9*v + 8. Give z(s).
-10
Let w(a) = 6*a**2 - 16*a + 4. Let t(x) = 5*x**2 - 15*x + 4. Let p(u) = -5*t(u) + 4*w(u). What is p(11)?
-4
Suppose -4*b - 1 + 13 = 0. Let k = 5 - 3. Let s(z) = b*z**2 - 2*z - 2 + z**3 - z**k + z. Calculate s(-3).
-8
Let p(w) = w + 7*w - 29 + 23 - w**2. What is p(6)?
6
Let s(j) = j**2 - 2. Let v be s(0). Let c(l) be the first 